dreds digit of 2316?
3
What is the tens digit of 454708?
0
What is the hundred thousands digit of 41593726?
5
What is the units digit of 208862?
2
What is the ten thousands digit of 130099?
3
What is the units digit of 434129?
9
What is the hundreds digit of 923579?
5
What is the units digit of 869813?
3
What is the thousands digit of 6154922?
4
What is the thousands digit of 10503834?
3
What is the hundreds digit of 1402568?
5
What is the thousands digit of 516166?
6
What is the thousands digit of 1521928?
1
What is the tens digit of 985381?
8
What is the ten millions digit of 12822715?
1
What is the hundreds digit of 327389?
3
What is the thousands digit of 5555?
5
What is the ten thousands digit of 305639?
0
What is the ten thousands digit of 1028571?
2
What is the thousands digit of 18279331?
9
What is the hundred thousands digit of 2548419?
5
What is the hundreds digit of 1688227?
2
What is the tens digit of 63937?
3
What is the millions digit of 1791869?
1
What is the hundreds digit of 15817132?
1
What is the millions digit of 10261668?
0
What is the hundreds digit of 175032?
0
What is the ten thousands digit of 17610196?
1
What is the thousands digit of 410648?
0
What is the ten thousands digit of 579937?
7
What is the units digit of 21400?
0
What is the hundred thousands digit of 2969868?
9
What is the tens digit of 235990?
9
What is the ten thousands digit of 2628874?
2
What is the tens digit of 327355?
5
What is the millions digit of 1269073?
1
What is the hundreds digit of 17225872?
8
What is the ten thousands digit of 224492?
2
What is the thousands digit of 738826?
8
What is the hundreds digit of 336150?
1
What is the hundred thousands digit of 315820?
3
What is the units digit of 515471?
1
What is the units digit of 320865?
5
What is the hundred thousands digit of 8113830?
1
What is the ten thousands digit of 406781?
0
What is the ten thousands digit of 568256?
6
What is the ten thousands digit of 181907?
8
What is the units digit of 660351?
1
What is the tens digit of 2214632?
3
What is the millions digit of 2660714?
2
What is the hundreds digit of 18303772?
7
What is the thousands digit of 2236346?
6
What is the units digit of 2927585?
5
What is the hundreds digit of 2537365?
3
What is the hundreds digit of 1395800?
8
What is the millions digit of 26937834?
6
What is the ten thousands digit of 800652?
0
What is the ten thousands digit of 94108?
9
What is the thousands digit of 581669?
1
What is the units digit of 8115865?
5
What is the thousands digit of 69995?
9
What is the units digit of 1098624?
4
What is the ten thousands digit of 1254843?
5
What is the hundred thousands digit of 843177?
8
What is the thousands digit of 841622?
1
What is the hundred thousands digit of 940577?
9
What is the ten thousands digit of 136145?
3
What is the millions digit of 1198798?
1
What is the hundred thousands digit of 555295?
5
What is the units digit of 605758?
8
What is the thousands digit of 116942?
6
What is the tens digit of 10601055?
5
What is the tens digit of 15815083?
8
What is the hundreds digit of 337669?
6
What is the units digit of 51634?
4
What is the hundreds digit of 70250?
2
What is the hundreds digit of 58550?
5
What is the hundred thousands digit of 375968?
3
What is the ten millions digit of 18003517?
1
What is the tens digit of 28163?
6
What is the hundreds digit of 178696?
6
What is the units digit of 966458?
8
What is the hundreds digit of 4151098?
0
What is the hundreds digit of 2993889?
8
What is the ten thousands digit of 672318?
7
What is the ten thousands digit of 7027819?
2
What is the units digit of 292540?
0
What is the tens digit of 1026085?
8
What is the tens digit of 584553?
5
What is the tens digit of 2328181?
8
What is the hundreds digit of 4966241?
2
What is the ten thousands digit of 3391294?
9
What is the ten thousands digit of 227840?
2
What is the units digit of 3298878?
8
What is the ten thousands digit of 1353726?
5
What is the thousands digit of 537850?
7
What is the millions digit of 5874818?
5
What is the hundreds digit of 74542?
5
What is the millions digit of 3359327?
3
What is the ten thousands digit of 242944?
4
What is the tens digit of 155508?
0
What is the hundreds digit of 13859282?
2
What is the ten thousands digit of 377179?
7
What is the tens digit of 18737984?
8
What is the units digit of 1636947?
7
What is the tens digit of 114963?
6
What is the thousands digit of 122137?
2
What is the hundreds digit of 325891?
8
What is the millions digit of 4312301?
4
What is the ten thousands digit of 22307149?
0
What is the hundred thousands digit of 361696?
3
What is the millions digit of 10065166?
0
What is the hundred thousands digit of 2531167?
5
What is the hundreds digit of 130645?
6
What is the tens digit of 116311?
1
What is the ten thousands digit of 959279?
5
What is the hundreds digit of 496384?
3
What is the tens digit of 3208579?
7
What is the thousands digit of 4027116?
7
What is the ten thousands digit of 998157?
9
What is the ten thousands digit of 365402?
6
What is the units digit of 46166?
6
What is the millions digit of 1064695?
1
What is the thousands digit of 255226?
5
What is the ten millions digit of 20898930?
2
What is the millions digit of 2952067?
2
What is the millions digit of 14065497?
4
What is the tens digit of 1562148?
4
What is the tens digit of 307021?
2
What is the hundred thousands digit of 1195601?
1
What is the hundreds digit of 116809?
8
What is the thousands digit of 604795?
4
What is the tens digit of 852138?
3
What is the units digit of 1169?
9
What is the hundred thousands digit of 8320847?
3
What is the units digit of 222492?
2
What is the tens digit of 3176289?
8
What is the ten millions digit of 36286722?
3
What is the ten millions digit of 17739768?
1
What is the ten thousands digit of 1415634?
1
What is the ten thousands digit of 9736538?
3
What is the thousands digit of 30216479?
6
What is the ten thousands digit of 186598?
8
What is the tens digit of 17153?
5
What is the units digit of 21172455?
5
What is the hundreds digit of 151099?
0
What is the tens digit of 8008668?
6
What is the thousands digit of 225203?
5
What is the tens digit of 384684?
8
What is the thousands digit of 46125?
6
What is the thousands digit of 452535?
2
What is the ten thousands digit of 5661817?
6
What is the thousands digit of 477646?
7
What is the thousands digit of 937648?
7
What is the thousands digit of 274371?
4
What is the ten millions digit of 37243807?
3
What is the hundred thousands digit of 13635728?
6
What is the hundreds digit of 734449?
4
What is the hundred thousands digit of 4250678?
2
What is the millions digit of 1801315?
1
What is the units digit of 2117008?
8
What is the ten thousands digit of 976356?
7
What is the thousands digit of 184285?
4
What is the hundred thousands digit of 29668237?
6
What is the units digit of 707566?
6
What is the units digit of 1488903?
3
What is the hundreds digit of 6422880?
8
What is the tens digit of 1496263?
6
What is the hundred thousands digit of 540340?
5
What is the units digit of 16326520?
0
What is the thousands digit of 5002810?
2
What is the millions digit of 1145410?
1
What is the hundred thousands digit of 683009?
6
What is the hundred thousands digit of 1142829?
1
What is the units digit of 283989?
9
What is the millions digit of 1935464?
1
What is the hundreds digit of 286674?
6
What is the hundreds digit of 526195?
1
What is the thousands digit of 824864?
4
What is the hundred thousands digit of 139530?
1
What is the tens digit of 3858887?
8
What is the hundred thousands digit of 308319?
3
What is the tens digit of 3326395?
9
What is the hundred thousands digit of 401097?
4
What is the ten thousands digit of 68058?
6
What is the hundreds digit of 2237749?
7
What is the thousands digit of 2958538?
8
What is the thousands digit of 352151?
2
What is the hundreds digit of 147778?
7
What is the hundreds digit of 1355225?
2
What is the thousands digit of 369343?
9
What is the thousands digit of 1903138?
3
What is the hundred thousands digit of 1108069?
1
What is the ten millions digit of 13955773?
1
What is the thousands digit of 3882393?
2
What is the hundred thousands digit of 3496538?
4
What is the units